f 862?
2, 431
What are the prime factors of 17917?
19, 23, 41
List the prime factors of 5473.
13, 421
List the prime factors of 7780.
2, 5, 389
List the prime factors of 22969.
103, 223
List the prime factors of 42724.
2, 11, 971
List the prime factors of 4089.
3, 29, 47
List the prime factors of 2809.
53
List the prime factors of 4978.
2, 19, 131
List the prime factors of 2221.
2221
What are the prime factors of 34507?
11, 3137
List the prime factors of 7804.
2, 1951
What are the prime factors of 706?
2, 353
What are the prime factors of 9252?
2, 3, 257
What are the prime factors of 6828?
2, 3, 569
What are the prime factors of 17664?
2, 3, 23
List the prime factors of 4297.
4297
What are the prime factors of 323?
17, 19
List the prime factors of 1630.
2, 5, 163
What are the prime factors of 103967?
103967
List the prime factors of 94776.
2, 3, 11, 359
List the prime factors of 5448.
2, 3, 227
What are the prime factors of 52?
2, 13
What are the prime factors of 16709?
7, 11, 31
What are the prime factors of 3192?
2, 3, 7, 19
List the prime factors of 468.
2, 3, 13
List the prime factors of 9233.
7, 1319
List the prime factors of 2894.
2, 1447
List the prime factors of 9375.
3, 5
What are the prime factors of 17604?
2, 3, 163
List the prime factors of 2752.
2, 43
What are the prime factors of 9646?
2, 7, 13, 53
List the prime factors of 1674.
2, 3, 31
What are the prime factors of 2673?
3, 11
List the prime factors of 26648.
2, 3331
What are the prime factors of 942?
2, 3, 157
What are the prime factors of 111657?
3, 7, 13, 409
List the prime factors of 1874.
2, 937
What are the prime factors of 639?
3, 71
What are the prime factors of 29106?
2, 3, 7, 11
What are the prime factors of 27064?
2, 17, 199
What are the prime factors of 717?
3, 239
List the prime factors of 1770.
2, 3, 5, 59
List the prime factors of 30315.
3, 5, 43, 47
List the prime factors of 3216.
2, 3, 67
What are the prime factors of 13204?
2, 3301
What are the prime factors of 21000?
2, 3, 5, 7
List the prime factors of 11985.
3, 5, 17, 47
What are the prime factors of 7745?
5, 1549
List the prime factors of 264.
2, 3, 11
What are the prime factors of 2814?
2, 3, 7, 67
List the prime factors of 11075.
5, 443
List the prime factors of 183042.
2, 3, 10169
What are the prime factors of 3279?
3, 1093
What are the prime factors of 32850?
2, 3, 5, 73
List the prime factors of 6848.
2, 107
List the prime factors of 209426.
2, 7, 2137
List the prime factors of 9589.
43, 223
List the prime factors of 2265.
3, 5, 151
List the prime factors of 90439.
90439
What are the prime factors of 4655?
5, 7, 19
List the prime factors of 522.
2, 3, 29
What are the prime factors of 1776?
2, 3, 37
List the prime factors of 438.
2, 3, 73
What are the prime factors of 6207?
3, 2069
List the prime factors of 145483.
13, 19, 31
List the prime factors of 5108.
2, 1277
What are the prime factors of 17223?
3, 5741
List the prime factors of 72274.
2, 36137
What are the prime factors of 11376?
2, 3, 79
What are the prime factors of 110443?
179, 617
What are the prime factors of 6035?
5, 17, 71
What are the prime factors of 1799?
7, 257
What are the prime factors of 164871?
3, 7, 2617
What are the prime factors of 2075?
5, 83
List the prime factors of 1727.
11, 157
List the prime factors of 1684.
2, 421
List the prime factors of 14401.
14401
List the prime factors of 14434.
2, 7, 1031
List the prime factors of 8185.
5, 1637
What are the prime factors of 4142?
2, 19, 109
What are the prime factors of 11042?
2, 5521
What are the prime factors of 1625?
5, 13
What are the prime factors of 3403?
41, 83
List the prime factors of 18180.
2, 3, 5, 101
What are the prime factors of 19927?
19927
List the prime factors of 4690.
2, 5, 7, 67
What are the prime factors of 80460?
2, 3, 5, 149
List the prime factors of 78424.
2, 9803
List the prime factors of 16332.
2, 3, 1361
List the prime factors of 8349.
3, 11, 23
What are the prime factors of 561?
3, 11, 17
What are the prime factors of 41459?
11, 3769
What are the prime factors of 88273?
41, 2153
List the prime factors of 2244.
2, 3, 11, 17
List the prime factors of 3345.
3, 5, 223
List the prime factors of 605.
5, 11
What are the prime factors of 24990?
2, 3, 5, 7, 17
List the prime factors of 74300.
2, 5, 743
List the prime factors of 4501.
7, 643
What are the prime factors of 2211?
3, 11, 67
What are the prime factors of 76052?
2, 19013
What are the prime factors of 7829?
7829
What are the prime factors of 8670?
2, 3, 5, 17
What are the prime factors of 91390?
2, 5, 13, 19, 37
List the prime factors of 3574.
2, 1787
What are the prime factors of 103102?
2, 51551
What are the prime factors of 569?
569
What are the prime factors of 6973?
19, 367
What are the prime factors of 2097?
3, 233
What are the prime factors of 41950?
2, 5, 839
List the prime factors of 16496.
2, 1031
What are the prime factors of 2938?
2, 13, 113
What are the prime factors of 1481?
1481
List the prime factors of 5846.
2, 37, 79
What are the prime factors of 6575?
5, 263
What are the prime factors of 2855?
5, 571
List the prime factors of 15368.
2, 17, 113
What are the prime factors of 100204?
2, 13, 41, 47
List the prime factors of 2256.
2, 3, 47
List the prime factors of 3450.
2, 3, 5, 23
What are the prime factors of 149892?
2, 3, 12491
List the prime factors of 2687.
2687
What are the prime factors of 391?
17, 23
List the prime factors of 162.
2, 3
List the prime factors of 160660.
2, 5, 29, 277
List the prime factors of 3945.
3, 5, 263
What are the prime factors of 11476?
2, 19, 151
List the prime factors of 1929.
3, 643
List the prime factors of 47979.
3, 1777
What are the prime factors of 84385?
5, 7, 2411
What are the prime factors of 8796?
2, 3, 733
List the prime factors of 122.
2, 61
What are the prime factors of 4507?
4507
List the prime factors of 2841.
3, 947
List the prime factors of 6516.
2, 3, 181
What are the prime factors of 679?
7, 97
List the prime factors of 2397.
3, 17, 47
What are the prime factors of 3579?
3, 1193
What are the prime factors of 23542?
2, 79, 149
What are the prime factors of 3374?
2, 7, 241
What are the prime factors of 1166?
2, 11, 53
List the prime factors of 79.
79
List the prime factors of 67.
67
List the prime factors of 9723.
3, 7, 463
List the prime factors of 308.
2, 7, 11
List the prime factors of 1397.
11, 127
List the prime factors of 1030.
2, 5, 103
List the prime factors of 9684.
2, 3, 269
List the prime factors of 1920.
2, 3, 5
List the prime factors of 85.
5, 17
What are the prime factors of 949?
13, 73
What are the prime factors of 46882?
2, 11, 2131
List the prime factors of 3489.
3, 1163
What are the prime factors of 8613?
3, 11, 29
What are the prime factors of 152?
2, 19
What are the prime factors of 7986?
2, 3, 11
What are the prime factors of 63559?
63559
List the prime factors of 76238.
2, 38119
What are the prime factors of 4214?
2, 7, 43
List the prime factors of 25525.
5, 1021
List the prime factors of 7198.
2, 59, 61
What are the prime factors of 4953?
3, 13, 127
What are the prime factors of 5633?
43, 131
What are the prime factors of 99413?
89, 1117
What are the prime factors of 17352?
2, 3, 241
List the prime factors of 69202.
2, 7, 4943
What are the prime factors of 37170?
2, 3, 5, 7, 59
List the prime factors of 55503.
3, 7, 881
List the prime factors of 6257.
6257
What are the prime factors of 1120?
2, 5, 7
List the prime factors of 30156.
2, 3, 7, 359
What are the prime factors of 518?
2, 7, 37
List the prime factors of 18854.
2, 11, 857
List the prime factors of 79.
79
What are the prime factors of 128744?
2, 7, 11, 19
What are the prime factors of 331?
331
List the prime factors of 7515.
3, 5, 167
What are the prime factors of 133957?
97, 1381
What are the prime factors of 15638?
2, 7, 1117
What are the prime factors of 2395?
5, 479
List the prime factors of 36214.
2, 19, 953
List the prime factors of 2949.
3, 983
What are the prime factors of 8088?
2, 3, 337
List the prime factors of 9797.
97, 101
What are the prime factors of 9288?
2, 3, 43
List the prime factors of 1465.
5, 293
What are the prime factors of 43689?
3, 14563
What are the prime factors of 15066?
2, 3, 31
List the prime factors of 15131.
15131
List t